 = 6 - -2. Let r(n) = v + 2*n**2 - 2 + 12*n - n**2 - 5*n. Determine r(-6).
0
Let n(m) = -m + 2. Suppose 3*g + 36 - 54 = 0. What is n(g)?
-4
Let d(h) = -h**2 - 5*h - 5. Let a be ((-6)/(-15))/(1/(-10)). Let m be d(a). Let j(p) = -3*p**3 + p**2. Determine j(m).
4
Let l(h) = h**3 - 5*h**2 - 8*h + 9. Suppose -6*i - 15 = -3*i, 5*x - i - 35 = 0. Let t be l(x). Let s(k) = -2*k - 4. Give s(t).
2
Let b = -24 - -29. Let h(q) = -q**3 + 4*q**2 + 4*q + 7. Give h(b).
2
Let d(a) = -a**3 + 9*a**2 - 7*a - 3. Let w be d(8). Suppose -n + 19 = w*r, -2*n = 2*n + 4. Suppose 0*g = -2*g + r. Let x(m) = -m**3 + m**2 + m. Calculate x(g).
-2
Let u(m) = -5*m - 3. Let g(w) = -w**2 - 7*w + 2. Let b be g(-7). Let o be 5*3/((-30)/(-4)). Suppose -3*l - 12 = b*r, -2*l - o*r - 3*r - 19 = 0. What is u(l)?
7
Let w be 3*(-1)/1*2. Let s(n) = 5*n**2 - 8*n - 8. Let l(i) = 9*i**2 - 16*i - 16. Let v(y) = -6*l(y) + 11*s(y). Give v(w).
-4
Let z(d) = -2*d**2 - 28*d - 26. Let c be z(-13). Let h(y) = y - 1. Give h(c).
-1
Let v(k) = -k**2 - 8*k - 6. Suppose 0 = 5*p - 10 + 45. Let h be v(p). Let d(q) = q - 2. Determine d(h).
-1
Let g(a) be the second derivative of -a**5/20 + a**4/2 - a**3/6 - 3*a**2 - 13*a. Determine g(6).
-12
Let r be (4 + -3 + 0)*-7. Let b = r + 0. Let u(a) = a**3 + 6*a**2 - 7*a - 9. Determine u(b).
-9
Let k(b) be the first derivative of -3*b**4 + b**3/3 + 25. Let h be 1*(-2 + 0 - -3). What is k(h)?
-11
Let u(m) = -7*m**3 - 7*m**2 + 7. Let q(o) = 10*o**3 + 10*o**2 - 10. Let h(t) = -5*q(t) - 7*u(t). Let a be (1/(-2))/(55/10 + -5). Calculate h(a).
1
Suppose 7 = 2*j + 1. Suppose -j + 1 = 2*l. Let k be 1/(l/5*-1). Let d(s) = s - 2. What is d(k)?
3
Let a(n) = -32 + 26 + n + 3*n. Determine a(4).
10
Let k(d) = 2*d - 6. Let v = 4 - 3. Let z be ((-8)/20)/((-2)/(-10)). Let i be 6*v + 1*z. What is k(i)?
2
Suppose 0 = -5*j + 13 + 7. Let r = 9 - j. Let h(d) = 3 + 1 - 4*d**2 + 1 + r*d**2. Give h(0).
5
Let o = 1 + -5. Let p(h) be the third derivative of h**6/720 + h**5/20 + 5*h**4/24 + 4*h**2. Let m(i) be the second derivative of p(i). Determine m(o).
2
Suppose -15 = 3*n - 7*n - 5*c, 4*n = 2*c + 22. Let f(s) = s**2 - 7*s + 6. Let b be f(n). Let y(l) = 3*l + 2. Give y(b).
-10
Let s(v) be the third derivative of -v**7/168 + v**3/3 - 2*v**2. Let t(o) be the first derivative of s(o). Give t(1).
-5
Let m(y) = -y**2 + 7*y + 9. Let h be m(7). Let x = 12 - h. Let c(u) = u**3 + 3*u. Let o(w) = w**2 + 1. Let d(g) = -c(g) + 3*o(g). Determine d(x).
-6
Let y(p) = -p**3 + 6*p**2 - 2*p - 10. Let f(k) = -3*k**3 + 12*k**2 - 4*k - 21. Let g(n) = -2*f(n) + 5*y(n). What is g(-6)?
4
Let x(i) = i**2 + 3*i - 2. Suppose 0 = w - 0*w. Suppose -2 = -s - 2*k - w, -s - 4*k = -2. Suppose -n - s*g = -6, n - 19 = 2*n - 3*g. What is x(n)?
2
Suppose -b + 10 = -2*q, -5*b = -3*b + 3*q - 6. Let s(l) = l**3 - 5*l**2 - 7*l + 5. What is s(b)?
-1
Suppose -5*c - 4*s = -36, -c + s = -0*s. Let f = -1 + 3. Let w(q) = -f*q + 5*q - q**3 - q + 1 + c*q**2. What is w(4)?
9
Let a(p) be the third derivative of p**7/2520 - p**6/720 - p**5/30 - p**4/12 - p**2. Let j(d) be the second derivative of a(d). Give j(-3).
8
Let w(l) = 34 - 34 + 3*l. What is w(2)?
6
Suppose 2*z = 5*z + 6. Let f(h) be the first derivative of -h**4/2 - 2*h**3/3 - 3*h**2/2 - 2*h + 25. What is f(z)?
12
Let g be 12/12*2/(6/(-15)). Let r(j) = 4 + 2*j - 7*j - 3*j**3 + 2*j**3 - 6*j**2. Give r(g).
4
Let p(k) = -k**3 - 12*k**2 + 10. Let c be p(-12). Let b(d) = 11 - d**2 + 0*d**2 - c - d - 6*d**3. Determine b(1).
-7
Let i(t) be the first derivative of t**4/2 + 4*t**3/3 + t**2 - 2*t - 7. Determine i(-2).
-6
Let f(g) = -g**2 + 5*g - 3. Let a be f(5). Suppose 13 + 2 = 5*p. Let u(l) = 0*l + p - l + 1. Determine u(a).
7
Let i(p) = -p**3 - 7*p**2 - 5*p + 5. Suppose h - 9 = -2*h. Let a be -6 - 0/((-12)/h). Determine i(a).
-1
Let y = 66 + -36. Suppose 7*x + y = 2*x. Let k(v) = -v. Let t(d) = d**2 + 2*d + 3. Let g(m) = -4*k(m) + t(m). Give g(x).
3
Let w be ((-24)/9 - -2)*6. Let u = 7 + w. Let f(x) = x**2 - 2*x + 1. What is f(u)?
4
Let o(v) = -3*v**2 - 2 + 5*v**2 - v**2 + 4*v. Let x be 6/27 + 56/(-9). Let y be (x/(-4))/(2/(-4)). What is o(y)?
-5
Let j(z) = -z - 4. Let o(v) = -v**2 - 8*v - 3. Let t be o(-8). Let k = 3 + t. Suppose 4*u + k*u = -16. Give j(u).
0
Suppose 0 = 7*b - 2*b - 15. Let d(z) = -z**2 + z - 2. Determine d(b).
-8
Let a(b) be the first derivative of -2*b + 1/2*b**2 + 2. Let t(g) = -g**2 - 4*g + 1. Let l be t(-3). Calculate a(l).
2
Let v(q) = 7*q**2 + 71*q**3 - 139*q**3 + 4 - 1 + 67*q**3 - 7*q. Give v(6).
-3
Let k = 2 - 3. Let f(d) = 1 + 8*d**2 - 1 - 4*d + 2 - 5*d**2. Let i(l) = -l**2 + l - 1. Let t(b) = k*f(b) - 4*i(b). Calculate t(-2).
6
Let x(d) = -5*d + 7. Let j(m) = 4*m - 8. Let z(g) = -4*j(g) - 3*x(g). Give z(8).
3
Let n(r) be the third derivative of -r**6/120 - r**5/60 + r**4/12 - r**3/6 + 13*r**2. Determine n(0).
-1
Let c(v) = -5 + 3 + v + 4. Suppose 0 = -f - 5*n + 13, -2*f + n = -4*f + 8. Give c(f).
5
Let b be 5*(12/10)/3. Let p(s) = 0 + s**b - 4 + 1 - 1 + 2*s. Give p(-4).
4
Let h(g) be the first derivative of g**4/4 - g**3/3 + 7*g + 2. Let f(x) = x + 3. Let b be f(-3). Calculate h(b).
7
Suppose -3*s + 8*s = 0. Let y(a) = -4*a + s*a - 3*a. Let o = 2 + -3. What is y(o)?
7
Suppose 5*w - 5*u - 5 = 0, 0 = 2*w - 4*u - 0*u. Suppose -4*p + 2 = -5*f + 8, -w*f = -3*p - 1. Let k(j) = 8*j**2 - j + 1. Give k(p).
8
Let j(c) = c + 5. Let p be (-9)/4 - 1/(-4). Let g be p + (-1)/(3/6). Determine j(g).
1
Let l(a) = 3 + 117*a - 62*a - a**2 - 59*a. Let b(k) = 3*k + 10. Let t(p) = 5*p + 15. Let f(g) = -8*b(g) + 5*t(g). Let v be f(0). Calculate l(v).
-2
Let r(x) = x**3 + x**2 + x + 1. Suppose 5 + 16 = 7*o. Suppose -o*l + 4*h + 5 = 0, -6*h + 8 = -2*l - 9*h. What is r(l)?
0
Let o(p) = p**2 + 5*p - 2. Let c(k) = k - 10. Let g be c(6). Determine o(g).
-6
Let o be -3*42/54*3. Let l(h) = h**2 + 3*h - 9. Give l(o).
19
Let k(m) = -5*m**2 + 3. Let a(w) = 2*w**2 - 1. Let u(q) = 17*a(q) + 6*k(q). Let j be 1 - 0/((-2)/2). Calculate u(j).
5
Let l(t) = t**3 - 4*t**2 + 3*t - 3. Suppose u = 2*u - 2. Calculate l(u).
-5
Let j(z) = -4*z**3 - 2*z**2 + 2*z + 4. Let f(h) = h**3 + h**2 - 1. Let r(d) = -3*f(d) - j(d). Let y(q) = 2*q + 7. Let w be y(-4). Give r(w).
-1
Let q(k) = -7*k - 7. Let s be q(-5). Suppose 10*y - 5*y + d = s, -5*y + d = -22. Suppose -4*z - 4 = j + 2, -5*j + 5*z = y. Let t(h) = -h - 4. Determine t(j).
-2
Let q(p) = -2*p**2 - 6 + 8 - 2 - 3*p. Calculate q(-3).
-9
Let s(n) = 2*n**2 - 3*n + 3. Let z = -87 + 89. Calculate s(z).
5
Let k(o) = o + 0*o + 5 + 1 - 4. What is k(4)?
6
Suppose 3*j - 14 = j. Let x(a) = -3*a + j - 2*a + 0*a - 2*a + a**2. Give x(5).
-3
Let v(b) = b**2 + 6*b - 3. Let u(a) = a**3 + 6*a**2 - 8*a + 3. Let i(c) = c**3 - 5*c**2 - 2*c + 3. Let r be i(5). Let y be u(r). Let g = -15 + y. What is v(g)?
-8
Let q(y) be the first derivative of 2 + y + 2*y**3 + 1/4*y**4 + 3*y**2. Let z(m) = -m**3 - 9*m**2 + 10*m - 5. Let h be z(-10). Give q(h).
-4
Let k(n) be the first derivative of -3*n**2/2 - n + 1. Let i be k(-1). Let w(x) = -2*x**3 + 2*x**2 + 2*x - 2. Determine w(i).
-6
Let t(g) = -g**3 + 1. Let q(l) = 3*l**3 - 4*l**2 + 4*l - 5. Let o(h) = -q(h) - 2*t(h). Let a be -1*((-4)/(-5))/(24/(-60)). Calculate o(a).
3
Let c(z) be the second derivative of -z**4/12 - 7*z**3/6 + z**2/2 + z. Determine c(-6).
7
Let j(y) = -y**3 + 31*y**2 - 30*y + 1. Let a be j(30). Let l(x) = -6*x**3 + x**2 - x + 1. What is l(a)?
-5
Suppose 0 = -l + 4*m + 14, -3*l - 4*m = l - 16. Let c(q) = -q**2 + 6*q - 3*q**2 - 7 - 3*q**2 + q**3. Determine c(l).
-7
Suppose 4*d + 23 = 3*r + 2*r, 0 = -2*d - 3*r + 5. Let j(i) = 2 - 4*i**2 - i**3 + 0*i**2 + i**2. What is j(d)?
-2
Let s(m) = m**2 + 11*m + 8. Let d(f) = -f**2 + 5*f - 11. Let u be d(4). Give s(u).
-20
Let x(f) = -70*f**2 - f**3 - 2*f + 6*f + 67*f**2 + 5. Determine x(-4).
5
Suppose -3*l + 6 = -2*x, 6*x - 4*l + 8 = 3*x. Suppose 0*d + d = 2*f + 7, x = f + 1. Let m(h) = h - 4. What is m(d)?
1
Let h = 0 + 2. Let x(f) = -h*f + 6*f - f + 3*f. Let u = 3 + -1. Determine x(u).
12
Suppose 0 = -2*j + 5*u, 3*u - 3 = j - 2. Let b(g) be the second derivative of 0 + 13*g - 7/2*g**2 + 1/6*g**3. Calculate b(j).
-2
Let w(n) = n. Let j(m) = 3*m + 2*m + 5 - m**2 - m. Let b be j(4). Let g be 2/(-5) + (-23)/b. Calculate w(g).
-5
Let d be (-1)/(-1*(-2)/(-12)). Suppose -z - f - 2*f = -1